. Let g = 92 + h. Calculate the remainder when g is divided by 13.
10
Let v be 15/10*(2 + -4). What is the remainder when (v/(-3))/(3/15) is divided by 2?
1
What is the remainder when (14/(-8))/(2/(-40)) is divided by (-3)/((-1)/3*1)?
8
Suppose -22 = -l + 5*q, -3*q - 12 + 0 = 0. What is the remainder when 4 is divided by l?
0
Suppose -7*q + 332 = -3*q. Calculate the remainder when q is divided by 45.
38
Suppose -2*f - 83 = -3*o + 3*f, o - 24 = -2*f. Calculate the remainder when 103 is divided by o.
25
Suppose 3*a + 2*x = -x + 39, 23 = 3*a - 5*x. Calculate the remainder when 53 is divided by a.
9
Let h = -15 + 26. Suppose 2*o = -5*m + 24, -4*m + 2*o = 5*o - 15. Calculate the remainder when h is divided by m.
5
Suppose -2*m + 2*t + 250 = -0*t, -t = -2*m + 254. What is the remainder when m is divided by 2 + (1 + 1 - -29)?
30
Suppose 0 = -5*c + 3*r - 0*r + 28, c - 12 = -r. Let u(z) = 3*z**2 + z. Let k be u(2). Let p = k - c. What is the remainder when 16 is divided by p?
4
Suppose -58 = -4*k - 0*k + 5*p, -2*k + 2*p = -30. Let w = 24 - k. What is the remainder when 27 is divided by w?
6
Calculate the remainder when 1372/10 + (-3 + 8)/(-25) is divided by 28.
25
Suppose 2*p = -2*p + 220. Let z = p + -30. Let f = z + -13. What is the remainder when f is divided by 7?
5
Let j(q) = -2*q**3 + 2*q**2. Let s(x) = -6*x**3 + 7*x**2. Let b(d) = -14*j(d) + 4*s(d). Calculate the remainder when 7 is divided by b(1).
3
Calculate the remainder when 34 is divided by 141/15 + (-4)/10.
7
Suppose 0 = -5*k + 4*r + 80, 4*r - 115 = -5*k + r. Suppose 5*b - 3*c - 315 = 2*c, -2*b + c = -122. What is the remainder when b is divided by k?
19
Let b = -9 - -77. Let c = 111 - b. What is the remainder when c is divided by 11?
10
Let y be 33/2*8/(-6). Let v = y - -39. Let a = v - 1. What is the remainder when 30 is divided by a?
14
Suppose 12*u - 196 = 140. What is the remainder when 109 is divided by u?
25
Suppose -d = 2*m + 14 + 8, 5*m + 29 = 4*d. Let l(o) = -2*o - 8. What is the remainder when 29 is divided by l(m)?
9
Let g(l) = l**3 + 6*l**2 - 7*l + 7. Let s be g(-7). Let y = -5 + s. Calculate the remainder when y is divided by 0/2*-1 + 2.
0
Let f = -2 + 4. Suppose 16 = -4*r + 64. Suppose 2*q = -f*q + r, -4*p + 40 = -4*q. Calculate the remainder when 36 is divided by p.
10
Suppose -5*b + 79 = -2*t, 0*t = -3*b - t + 43. Suppose 5*l = 4*s + 4, -5*l - s - s = 2. Suppose -m + 2*m - 8 = l. What is the remainder when b is divided by m?
7
Let g(y) = -2*y - 3*y + 3*y - 3. What is the remainder when g(-2) is divided by 1?
0
Suppose 5*y + c = 65, 2*y + 2*c = -5 + 39. Suppose -5*i = 3*b + 17, -y = -2*b + 4*b + 3*i. Calculate the remainder when (-2)/6 + (-21)/b is divided by 2.
0
Suppose c - 3*c + 2*i = 192, 4*c - 5*i + 380 = 0. Let z = -71 - c. What is the remainder when 84 is divided by z?
26
Let z be (2/8)/((-9)/(-108)). Calculate the remainder when 9 is divided by ((-20)/(-6))/(2/z).
4
Let b = 170 - 101. Let r be (0 + (4 - 0))/2. Suppose r*p = -13 + b. What is the remainder when p is divided by 15?
13
Suppose 0 = -4*d - 8, 2*p + 0*d - 4*d = 26. Calculate the remainder when 24 is divided by p.
6
Calculate the remainder when 83 is divided by (2/(-4) + (-92)/(-16))*4.
20
Let v = 43 - 26. What is the remainder when v is divided by 6?
5
Let n = 21 + -8. Calculate the remainder when 50 is divided by n.
11
Let d be 66*(1 + 1/(-2)). Let h(x) = 9*x + 3. Let a be h(5). Let p = a - d. Calculate the remainder when 43 is divided by p.
13
Suppose -w = 2*w - 6, 5*k = 2*w + 106. Calculate the remainder when 46 is divided by k + 3*4/6.
22
Let t(u) = -u**2 - 6*u + 14. Suppose -f - 13 = 3*c - 2*f, -3*c + 7 = -5*f. Calculate the remainder when 25 is divided by t(c).
11
Let w(k) = -k. What is the remainder when w(-6) is divided by 3/9 + 15/9?
0
Suppose -2*q - 5*x + 3*x + 300 = 0, -q = -4*x - 165. What is the remainder when q is divided by 11?
10
Let w(f) = -f + 2. Let t be w(5). Let o(v) = -2*v + 4. What is the remainder when 38 is divided by o(t)?
8
Let b = 26 + -12. Calculate the remainder when 69 is divided by b.
13
Let b = -23 - -26. What is the remainder when 8 is divided by b?
2
Suppose 3*t + 3*j - 36 = 0, j - 14 = -2*t + 9. Suppose 0 = 3*w - 0*n + 4*n - 17, 4*n - 3 = -w. What is the remainder when 1 + (t - 1 - -1) is divided by w?
5
Let u = 17 + 2. What is the remainder when (u - (1 - 1))*1 is divided by 11?
8
Let c be (-10)/8*24/(-3). Let w = c + -5. Suppose -2*i + w*p = -0*p - 70, -4*i + 122 = -p. Calculate the remainder when i is divided by 11.
8
Let m = 102 + -93. What is the remainder when 10 is divided by m?
1
Let d(l) = -4*l - 3. Let s = 2 + -8. Let q be d(s). Suppose 4*f - 16 = 0, t = -3*f + 86 - q. What is the remainder when t is divided by 18?
17
Suppose 4*x + r - 11 = x, 3*x - r = 1. Let w = 23 + -47. What is the remainder when x/(-8) - 1062/w is divided by 15?
14
Suppose 5*n + 41 = 6*n. Let y = 47 - 33. What is the remainder when n is divided by y?
13
Let p = -25 + 48. Calculate the remainder when 67 is divided by p.
21
Calculate the remainder when ((-4)/6)/((-20)/990) is divided by 9.
6
Let f be (-19)/2*(4 + -6). Suppose 2*p - 33 - f = 0. Let d = 43 - p. What is the remainder when d is divided by 6?
5
Suppose 3*k + 32 = -115. Let q = k - -70. Suppose -48 + 15 = -3*p. Calculate the remainder when q is divided by p.
10
Suppose 18*o - 21*o + 51 = 0. Calculate the remainder when o is divided by 3.
2
Suppose -108 = -p - 5*p. What is the remainder when 106 is divided by p?
16
Let l be 0 + (-2 - -2) - -2. Let j be 0 - (2 - l - 3). Suppose -j*r = c - 3, -4*c + 2*c = 5*r - 7. What is the remainder when 10 is divided by c?
4
Suppose -1 - 3 = 2*z. Let p(x) = -x + 1. Suppose 4*h = -0*h + 28. Calculate the remainder when h is divided by p(z).
1
Let d be (1 - 1)*(-6)/(-6). Suppose d = -2*k - 4, u - 5 - 2 = k. Calculate the remainder when 23 is divided by u.
3
Let w(o) = -o**3 + 6*o**2 + 6*o - 7. What is the remainder when w(6) is divided by 16?
13
Suppose 15 = 2*s + 5*w - 3, -3*w = -12. Suppose 4*i + i = -4*n + 139, 0 = 5*n - 3*i - 220. What is the remainder when n is divided by s + (-3 - -4) - -14?
13
Suppose 0 - 12 = 3*t. What is the remainder when (0 + 1)*22 - 0 is divided by ((-18)/t)/((-6)/(-16))?
10
Calculate the remainder when -4 - (-2*62 - -1) is divided by 30.
29
Suppose 3*g + 31 = -g + 5*i, 3*g + 21 = 3*i. Calculate the remainder when ((-29)/2)/(2/g) is divided by 15.
14
Let k = 217 - 105. Let i = k - 55. What is the remainder when 35 is divided by (-12)/(-20) + i/5?
11
Suppose 11 = -5*r + 71. Let c(y) = 3*y**2 + 1. Let u be c(-1). Suppose 117 + 19 = u*l. Calculate the remainder when l is divided by r.
10
Let d(o) = o**3 - 3*o**2 - 2*o - 4. Suppose -2*z = m - 13, -4*m - 14 = 2*z - 5*z. Suppose 95 = 11*i - z*i. What is the remainder when d(5) is divided by i?
17
Let b = 6 + -4. Let z = -11 + 19. Calculate the remainder when (b/6)/((-5)/(-345)) is divided by z.
7
Suppose -3*g + 0*g = -6. Let r = 1 + g. Suppose 4*o + 19 + 5 = 4*c, c = 4*o - r. What is the remainder when 25 is divided by c?
7
Let o be ((-119)/14)/(2/(-4)). Let y = o + -11. Calculate the remainder when 14 is divided by y.
2
Calculate the remainder when 7 is divided by (-6)/21 + 46/14 + -1.
1
What is the remainder when 41 is divided by 11 - (-6 - (-9)/3)?
13
Let m(d) = d**2 - 3*d - 7. Let l be ((-2)/(-1) - 3)*7. Calculate the remainder when m(l) is divided by 13.
11
Suppose -4*h - a + 114 = h, -3*a = 3*h - 66. Calculate the remainder when h is divided by 12.
11
Let y(w) = -w**3 + 8*w**2 - 6*w + 7. Let j be 4/10 + 33/5. Suppose 44 = -4*h + 204. Calculate the remainder when h is divided by y(j).
12
Let r be 4/(-3)*(-6)/4. Let b = r - -15. What is the remainder when 49 is divided by b?
15
Suppose u + 0 - 2 = 0. Suppose -u*b = -6*b - 20. Let h(q) = -q**3 - 4*q**2 + 4*q - 1. What is the remainder when 7 is divided by h(b)?
3
Suppose -q - 39 = -4*m - 4*q, q + 17 = 2*m. Let s(d) = d**3 - 9*d**2 + 3*d - 6. Let o be s(m). Let c = -15 + o. What is the remainder when 21 is divided by c?
3
Suppose 2*s + 15 = 53. Suppose -4*i - 3*x + 7 + 25 = 0, 0 = 2*i + 4*x - 6. What is the remainder when s is divided by i?
8
Suppose 6 = -2*d, -6*y = -5*y + 3*d + 16. Let x(l) = l**2 + 2*l + 10. Let k be x(y). Let j = -19 + k. What is the remainder whe